(h) = -379*h - 1920. Determine c(-5).
-25
Let l(d) = d**3 - 39*d**2 + 338*d - 7. What is l(26)?
-7
Let f(j) = 2393*j + 2397. Determine f(-1).
4
Let p(t) = 2*t + 32. Give p(-10).
12
Let t(g) = -2*g**3 - 24*g**2 - 70*g + 32. What is t(-7)?
32
Let y(h) = -3*h**2 - 117*h - 978. Give y(-12).
-6
Let h(p) = -1020*p + 3042. Determine h(3).
-18
Let n(k) = 2*k**3 - 155*k**2 + 73*k + 422. Give n(77).
114
Let c(r) = r**2 - 390*r + 5272. Determine c(14).
8
Let m(o) = -o**3 + 91*o**2 - 1744*o + 1033. Give m(64).
9
Let b(a) = -3413*a - 37543. Determine b(-11).
0
Let x(l) = l**2 + 20*l + 54. Give x(-8).
-42
Let c(p) = 1131*p + 11258. Give c(-10).
-52
Let a(d) = -11*d**2 + 226*d - 863. Give a(4).
-135
Let o(c) = 25*c + 219. Calculate o(-9).
-6
Let r(a) = a**2 + 110*a + 713. Determine r(-6).
89
Let j(t) = 287*t + 573. Calculate j(-2).
-1
Let v(x) = -49*x + 362. Determine v(8).
-30
Let t(n) = n**3 - 75*n**2 + 1405*n + 12. Determine t(39).
51
Let h(s) = -23*s**2 - 62*s + 28. Calculate h(-3).
7
Let h(s) = 80*s - 8172. Determine h(102).
-12
Let c(w) = 5*w + 423. Calculate c(-85).
-2
Let o(q) = 6*q**2 + 200*q + 75. Determine o(-33).
9
Let a(k) = -k**2 - 33*k + 145. Give a(-36).
37
Let o(u) = -u**3 + 3*u**2 - 247*u + 1593. Give o(6).
3
Let s(i) = -7*i**3 - 4*i**2 - 9*i + 68. Calculate s(4).
-480
Let p(n) = -n**2 - 38*n + 1511. Give p(21).
272
Let v(y) = -y**3 + 2*y**2 + 3*y + 83. Determine v(0).
83
Let d(v) = -v**3 - 91*v**2 + 286*v + 363. Determine d(-94).
-13
Let z(s) = -3*s**2 + 127*s + 994. What is z(49)?
14
Let j(m) = -m**3 + 64*m**2 + 280*m - 554. Calculate j(68).
-10
Let o(q) = 8*q**3 - 127*q**2 + 505*q - 5. Determine o(8).
3
Let a(q) = 37*q + 831. Give a(-22).
17
Let v(d) = 1474*d - 57477. Give v(39).
9
Let l(c) = -64*c - 1483. What is l(-23)?
-11
Let v(p) = -p**2 - 12*p + 3. Give v(-4).
35
Let d(j) = 2*j**2 + 91*j + 542. Determine d(-6).
68
Let m(n) = -661*n + 10146. What is m(15)?
231
Let i(j) = 9*j**3 + 88*j**2 - 18*j + 10. What is i(-10)?
-10
Let o(k) = k**2 + 31*k + 154. What is o(-6)?
4
Let m(a) = 3*a**2 + 2*a. Calculate m(-3).
21
Let h(d) = -d**2 - 68*d - 286. What is h(-63)?
29
Let n(q) = -q**2 + 64*q - 533. Calculate n(10).
7
Let c(u) = -8*u**2 - 369*u - 39. What is c(-46)?
7
Let b(h) = 88*h**2 + 174*h - 49. Calculate b(-2).
-45
Let k(d) = 6*d - 140. Calculate k(23).
-2
Let n(r) = -13*r - 89. Give n(20).
-349
Let z(y) = y**2 - 40*y + 75. Determine z(2).
-1
Let v(c) = 555*c - 7225. Calculate v(13).
-10
Let d(y) = -3*y - 64. What is d(-18)?
-10
Let r(h) = 3*h**3 - h**2 + 2*h - 99. Give r(0).
-99
Let n(y) = -16*y + 335. What is n(21)?
-1
Let a(h) = -13*h - 13. What is a(7)?
-104
Let a(r) = 10287*r + 51433. Calculate a(-5).
-2
Let h(i) = -4*i**2 - 54*i - 64. Give h(-21).
-694
Let f(l) = -l**3 + 7*l**2 - 29*l + 69. Give f(3).
18
Let y(b) = -192*b - 14066. Calculate y(-73).
-50
Let h(d) = -4*d**2 - 1210*d + 4903. Give h(4).
-1
Let m(i) = 20*i - 193. Determine m(9).
-13
Let b(x) = -x**3 - 27*x**2 - 34*x + 97. Determine b(-3).
-17
Let x(v) = -149*v - 6302. Determine x(-42).
-44
Let y(q) = q**2 - 184*q - 363. Give y(-2).
9
Let x(p) = -836*p - 2513. Calculate x(-3).
-5
Let b(g) = g**3 + 27*g**2 - 57*g - 179. Give b(-29).
-208
Let z(o) = 7*o + 657. Calculate z(-98).
-29
Let v(q) = 2*q**2 - 51*q - 49. What is v(27)?
32
Let y(c) = -c**3 + 85*c**2 + 458*c - 3. Give y(-5).
-43
Let b(w) = 2*w**3 - 30*w**2 + 31*w + 11. Give b(14).
53
Let v(j) = -15*j - 94. Give v(13).
-289
Let p(b) = 3252*b - 32519. Calculate p(10).
1
Let q(j) = j**2 - 73*j + 686. Give q(60).
-94
Let m(k) = -10*k**2 + 1517*k + 449. What is m(152)?
-7
Let r(f) = -2*f**3 - 29*f**2 - 33*f - 5. What is r(-1)?
1
Let x(q) = 5*q**3 - 28*q**2 - 26*q + 13. Determine x(7).
174
Let w(j) = -7*j**2 + 1058*j - 10918. What is w(140)?
2
Let o(c) = -52*c + 505. Calculate o(9).
37
Let g(k) = -k**3 - 7*k**2 + 8*k - 2. What is g(-8)?
-2
Let k(g) = -238*g**2 - 2126*g + 138. Give k(-9).
-6
Let u(f) = f**3 + 46*f**2 + 163*f - 212. Determine u(-42).
-2
Let n(l) = -l**2 + 179*l - 2173. Determine n(13).
-15
Let j(p) = 132*p + 1159. Give j(-9).
-29
Let x(v) = -809*v - 9698. Give x(-12).
10
Let h(l) = 11*l + 251. What is h(-20)?
31
Let y(z) = -148*z + 266. Determine y(3).
-178
Let n(k) = -7*k**2 + 310*k - 90. What is n(44)?
-2
Let l(b) = 369*b + 66414. Determine l(-180).
-6
Let r(t) = -2*t**2 - 10*t + 797. What is r(20)?
-203
Let s(o) = -8*o**2 + 745*o + 1411. What is s(95)?
-14
Let z(m) = -4*m**3 - 3*m**2 - 12*m + 9. What is z(2)?
-59
Let p(f) = 18*f**2 + 162*f - 5. Give p(-9).
-5
Let t(l) = 493*l - 19233. Calculate t(39).
-6
Let f(b) = 3*b**3 + 3*b**2 + 11*b - 28. Determine f(5).
477
Let v(u) = -8147*u + 16215. Calculate v(2).
-79
Let z(c) = c**3 - 4*c**2 - 46*c + 2. Determine z(9).
-7
Let u(g) = -g**2 - 49*g + 2049. What is u(-76)?
-3
Let n(s) = -13*s + 131. Calculate n(-19).
378
Let p(m) = m**2 + 30*m + 51. What is p(-26)?
-53
Let x(v) = v**2 + 28*v - 5. What is x(-28)?
-5
Let u(h) = h**3 - 89*h**2 + 787*h + 37. What is u(10)?
7
Let j(y) = -11*y**2 - 444*y - 160. Calculate j(-40).
0
Let a(b) = 182*b - 5278. Calculate a(29).
0
Let b(k) = 5*k**2 + 24*k - 10. What is b(-5)?
-5
Let t(u) = 13*u + 504. Give t(-32).
88
Let b(n) = 2*n**2 + 35*n - 85. Determine b(-18).
-67
Let j(g) = 163*g**2 - 2276*g - 43. Give j(14).
41
Let u(w) = -w**3 - 31*w**2 - 39*w - 253. Determine u(-30).
17
Let k(y) = -y**3 - 13*y**2 + 52*y - 29. Determine k(-16).
-93
Let f(g) = 37*g + 60. Calculate f(0).
60
Let y(x) = -108*x - 2272. Determine y(-21).
-4
Let i(g) = 11*g**3 - 100*g**2 + g + 2. What is i(9)?
-70
Let t(u) = -2*u**3 + 27*u**2 - 115*u + 11. What is t(6)?
-139
Let z(p) = -p**2 - 188*p - 894. Determine z(-5).
21
Let y(z) = -199*z - 2378. What is y(-12)?
10
Let i(c) = -24*c**3 + c**2 + c - 3. Determine i(2).
-189
Let o(y) = y**2 - 38*y + 256. Determine o(8).
16
Let x(y) = -22*y**2 - 791*y + 50. What is x(-36)?
14
Let c(r) = 35*r**2 - 96*r - 22. Calculate c(3).
5
Let y(p) = p**3 - 30*p**2 + 66*p - 1185. Determine y(29).
-112
Let a(t) = t**2 - 55*t - 3133. Give a(90).
17
Let f(v) = v**2 + 54*v + 342. Give f(-35).
-323
Let x(n) = -229*n - 10071. Determine x(-44).
5
Let a(h) = -h**2 - 6*h + 186. Calculate a(11).
-1
Let g(i) = -12*i**2 - 876*i - 8. Calculate g(-73).
-8
Let s(z) = -z**3 - 37*z**2 + 141*z - 67. What is s(3)?
-4
Let n(x) = -x**3 - 26*x**2 + 40*x + 454. What is n(-27)?
103
Let d(s) = -2*s**2 - 46*s - 207. Give d(-4).
-55
Let w(m) = 7*m**2 - 120*m - 37. What is w(15)?
-262
Let c(q) = -3*q**3 + 3*q**2 + 5*q - 10. Give c(-4).
210
Let s(g) = 5*g**2 - 41*g + 224. What is s(15)?
734
Let u(i) = 2*i**2 + 167*i + 2059. Calculate u(-15).
4
Let m(p) = -p**2 - 115*p + 3488. What is m(25)?
-12
Let b(u) = -2*u**3 + 69*u**2 - 33*u - 13. Give b(34).
21
Let x(d) = d**3 - 14*d**2 - 790*d - 76. Give x(36).
-4
Let l(v) = -v**3 + 24*v**2 - 23*v + 102. What is l(23)?
102
Let g(f) = -3716*f + 367888. Calculate g(99).
4
Let z(k) = -14*k**2 - 73*k - 226. What is z(-3)?
-133
Let i(m) = 2*m**2 + 115*m + 336. Determine i(-55).
61
Let j(g) = -11*g**3 - 157*g**2 - 52*g + 8. Calculate j(-14).
148
Let i(s) = 13*s - 801. Calculate i(53).
-112
Let r(n) = 4*n**2 + 8*n - 36. Determine r(4).
60
Let n(r) = -r**3 - 96*r**2 + 516*r + 1032. Give n(-101).
-79
Let k(i) = 14*i**3 - 460*i**2 - 67*i + 120. Give k(33).
87
Let y(p) = -194*p - 3304. Give y(-17).
-6
Let z(r) = -r**3 + 10*r**2 - 21*r. Determine z(7).
0
Let t(k) = -16*k - 1098. Determine t(-51).
-282
Let g(a) = 14*a**2 - 829*a + 192. Determine g(59).
15
Let m(q) = -24*q**3 + 2*q**2 + 5*q + 5. Determine m(-1).
26
Let v(p) = 12*p**3 - 167*p**2 - 29*p + 3. What is v(14)?
-207
Let q(k) = -k**2 - 78*k - 1386. What is q(-32)?
86
Let f(a) = 148*a - 446. Determine f(3).
-2
Let a(m) = m**3 - 7*m**2 - 2*m - 380. Give a(0).
-380
Let p(b) = 9*b**2 - 4*b - 4. Give p(-4).
156
Let k(a) = -54*a**2 + 112*a - 1. Give k(1).
57
Let a(s) = 3351*s - 23453. Calculate a(7).
4
Let x(w) = 85*w + 325. What is x(-4)?
-15
Let k(q) = -q**3 + 24*q**2 - 140*q - 50. Give k(12).
-2
Let n(o) = 78*o + 44. Give n(2).
200
Let a(z) = -99*z - 23. What is a(-3)?
274
Let s(c) = -5*c**2 + 15*c - 19. Give s(10).
-369
Let y(u) = u**2 - 26*u - 325. Determine y(27).
-298
Let y(r) = 532*r + 10637. Determine y(-20).
-3
Let k(c) = -17*c**2 - 5*c - 44. Calculate k(-3).
